. What are the prime factors of d(-19)?
17, 59
Suppose -3*j + 11*j = 72. Suppose 11*n - j*n = 468. List the prime factors of n.
2, 3, 13
Let h(s) = s + 16. Let r be h(0). What are the prime factors of (-12)/((-6)/1)*r?
2
Let o = 924 + -344. List the prime factors of o.
2, 5, 29
Suppose 0*u + u - 226 = 0. Suppose 0 = -4*y - 2*t + u, 5*t - 166 = -0*y - 3*y. List the prime factors of y.
3, 19
Suppose -5*x + 14 = f, 5*f - f = 2*x + 12. Suppose 5*j = -x*c + 324, -2*j - 2*j + c = -267. What are the prime factors of j?
2, 3, 11
Let x(s) = -s**3 - s**2 - s - 1. Let a(z) = 3*z**3 + 13*z**2 + 8*z + 8. Let h(r) = a(r) + 2*x(r). List the prime factors of h(-9).
2, 3, 19
Suppose -r - 2*u + 694 = 123, 2*r + 3*u = 1144. Let o be (r/(-10))/(-5)*2. Suppose 0 = 2*q - 63 - o. List the prime factors of q.
43
Let p(a) = a**3 + 3*a**2 - a + 2. Let t be p(-3). Let g = 159 + -129. Suppose -5*z = -5, z - t*z = 2*s - g. List the prime factors of s.
13
Let q(f) = 2*f + 4. Let m be q(0). Suppose -n - 150 = -m*n. What are the prime factors of n?
2, 5
Let h = 34 + -19. List the prime factors of h.
3, 5
Let l = -356 - -497. List the prime factors of l.
3, 47
Let r = 574 - 244. What are the prime factors of r?
2, 3, 5, 11
Let u = 174 - -1. Let a = 247 - u. List the prime factors of a.
2, 3
Suppose -6*l + 9*l + 31 = 5*i, 0 = -4*l - 8. Let d(n) = 2*n**2 + n + 3. What are the prime factors of d(i)?
2, 29
Let a(d) be the first derivative of d - 3 + 43/2*d**2. What are the prime factors of a(1)?
2, 11
Let l be 2/(-2 - -3) - 1. Let r(c) = -c + 2. Let g be r(l). Suppose y - g = 17. List the prime factors of y.
2, 3
Let m(w) = 4*w - 20. Let b be (-8)/28 - (-232)/28. What are the prime factors of m(b)?
2, 3
Suppose 4*h - 32 = 2*z, 0 = -3*z - 2*h - 7 - 17. What are the prime factors of z/4*(2 + -12)?
5
Suppose 3*d + h - 766 = 2*h, 3*d - 751 = 4*h. List the prime factors of d.
257
Let b(l) = 16 + 2*l - l + l**2 - 2. Let t be b(6). Let q = t - 22. List the prime factors of q.
2, 17
Let o = 20 + 257. List the prime factors of o.
277
Let x(g) = 63*g. Let m be x(4). Let i = m + -145. List the prime factors of i.
107
Let j = -74 - -306. What are the prime factors of j?
2, 29
What are the prime factors of ((-24)/9 + 3)/((-2)/(-1068))?
2, 89
Suppose -5*u - i + 1243 = i, -5*u - 5*i + 1255 = 0. List the prime factors of u.
13, 19
Let u = 85 + -85. Let y(x) = 5*x + 23. Let n(m) = -m + 1. Let r(b) = 4*n(b) + y(b). What are the prime factors of r(u)?
3
Let p be (-2)/3*3 - (-24)/2. Suppose p*z - 213 = 7*z. What are the prime factors of z?
71
Let p(n) = 18*n. Let y be -1*2 - (-10)/2. Suppose 15 = 3*h - y*c, -5*c = 4*h - 3*c + 4. List the prime factors of p(h).
2, 3
Suppose -d + 2*s + 139 = 0, -2*d = d + 3*s - 372. Let v = d + -1. What are the prime factors of v?
2
Suppose 5*h + 12 - 37 = 0. Let l be ((-98)/3)/(2 - (-13)/(-6)). Suppose l = h*b - b. What are the prime factors of b?
7
Suppose 0 = -0*o - o - 3*n + 103, -3*o + 239 = -5*n. Suppose 0 = -2*t + 30 + o. List the prime factors of t.
59
Let h = -50 - -120. Suppose 0 = 2*a + g - h - 27, 4*a = -5*g + 191. List the prime factors of a.
7
Let a = -24 + 27. Let s(x) = -x**3 + x**2 + x + 1. Let h(m) = -4*m**3 - 10*m**2 + 21*m + 4. Let u(j) = a*s(j) - h(j). List the prime factors of u(-14).
5, 11
Let o(v) = -1 - 6 - 1 - 9*v + 2*v**2 - 3. Let w be o(8). What are the prime factors of 4*(2 + w/12)?
23
Suppose 288 = 4*q + 4*x, 3*q = -2*q - 4*x + 362. List the prime factors of q.
2, 37
Let w = 426 + -205. List the prime factors of w.
13, 17
Suppose 180 = 4*u - 4*h, 3*u - 101 + 6 = -5*h. Suppose 0*f - 5*f + u = 0. Suppose f*r - 23 = -a + 3*r, 5*r - 10 = 0. What are the prime factors of a?
13
Suppose -9*r = -5*r + 5*a - 1741, 2140 = 5*r - a. What are the prime factors of r?
3, 11, 13
Let d(b) = b**3 + 11*b**2 + b + 10. Let u be d(-11). What are the prime factors of (-3)/(u/(-5) + 1309/(-6020))?
2, 43
Suppose -2*o - 10 = -3*c, o + 0 = 1. Suppose -3*m + 2*v + 106 = 0, -v + 0 = -c. What are the prime factors of m?
2, 19
Suppose 5*r = 3*c + 7, -r - 3 = -5*r + 5*c. Let i be ((-1)/(-7))/(r/14). What are the prime factors of (18 - 15) + 3/i?
2, 3
Let h = -52 + 47. Let f(v) = v**3 + 7*v**2 + 5*v - 1. List the prime factors of f(h).
2, 3
Let j(b) = -b**3 + 9*b + 230. List the prime factors of j(0).
2, 5, 23
Let a = -1 + -1. Let f(v) = -14*v + 3 + 3*v - 3. List the prime factors of f(a).
2, 11
Suppose -2*x + 913 = -3*b, 15*b - 17*b + 2 = 0. List the prime factors of x.
2, 229
Let l(u) = 20*u - 176. List the prime factors of l(22).
2, 3, 11
Suppose 3*c - c = 0. Let a(f) = -f**2 + f + 4. Let w be a(c). Suppose 0*g = -2*d - w*g + 54, d + 5*g = 33. List the prime factors of d.
23
Let d be 2 + -3 + -1*(-15)/3. Suppose d = -2*j, 3*h + 5*j + 306 = 7*h. What are the prime factors of h?
2, 37
Let v be ((-4)/(-6))/((-1)/(-102)). Let b = v + 27. What are the prime factors of b?
5, 19
Suppose 3*i = -4*i + 1211. What are the prime factors of i?
173
Let g(t) = -50*t**3 - t**2. Let o be g(-1). Suppose -83 = -4*l + o. Let x = l - -3. List the prime factors of x.
2, 3
Suppose 51243 = 10*t + 47*t. What are the prime factors of t?
29, 31
What are the prime factors of 25/10*4332/15?
2, 19
Suppose 0 = 12*v - 1827 - 1125. Let b = 441 - v. What are the prime factors of b?
3, 5, 13
Let t be 1 + 7/((-14)/(-8)). What are the prime factors of ((-82)/4)/(t/(-20))?
2, 41
Suppose m = 3*k - 1, -m - k + 17 = 2*m. Let u be 0 + 0 - 9*m. What are the prime factors of (4 + u)*(-4 + 3)?
41
Let u(y) = -70*y - 64. What are the prime factors of u(-6)?
2, 89
Let n(v) = -v**2 - 5*v + 2. Let a be n(-5). Suppose z + 20 = j, a*j = 5*z - 22 + 77. Suppose j = -0*p + 5*p. List the prime factors of p.
3
Let i(m) = m**3 + m + 1. Let j(v) = 3*v**3 - 18*v**2 - 26*v - 33. Let y(h) = -2*i(h) + j(h). List the prime factors of y(20).
5, 41
Let c = -87 - -85. List the prime factors of 3/(3 + c) - 0/3.
3
Suppose 2*f + 159 = 4*f - 5*y, -3*y = -3*f + 225. Let r be 7000/f - 4/18. Suppose 0 = 3*s - r + 13. List the prime factors of s.
2, 7
Suppose 33*v - 24 = 27*v. Suppose v*z = 2*s - 166, -2*s + 260 = s + 5*z. List the prime factors of s.
5, 17
Let u be (-14)/21*30/(-4). Suppose 0 = 3*r - 3, 0*v - 5 = v + u*r. Let y = 28 + v. List the prime factors of y.
2, 3
Suppose 4*a = -3*a. Suppose 4*j - 173 = -5*p, a = 2*p - 2*j - 2*j - 58. List the prime factors of p.
3, 11
Suppose -3*f = -8*f + 30. Let l be 1 + (3/(-3) - 652). What are the prime factors of f/15 + l/(-20)?
3, 11
Suppose 1968 - 384 = -9*j. Let x = 270 + j. List the prime factors of x.
2, 47
Let h be (-3)/6*46 + 3. Let i = 27 + h. List the prime factors of i.
7
Let q be 2/6 + (-1060)/(-6). List the prime factors of (4/(-4))/((-3)/q).
59
Let q(d) = -3*d + 1. Let i be q(0). Let o be i/(1/51*3). Let l = o + -15. List the prime factors of l.
2
Suppose -4*w + 433 - 105 = 0. Suppose -i + 28 - w = -d, -2*d + 115 = 5*i. Let o = d - 27. What are the prime factors of o?
2, 7
Let f(v) = v + 6. Let q(k) = 1. Let c(g) = f(g) - 6*q(g). Let m be c(5). Suppose -m*n - 5*b = -0*b - 260, 2*n + 5*b - 110 = 0. What are the prime factors of n?
2, 5
Suppose 3*m - 650 = 460. List the prime factors of m.
2, 5, 37
Let q = -41 + 69. Suppose 0 = -31*g + q*g + 246. What are the prime factors of g?
2, 41
Suppose -25 = 9*d - 14*d. List the prime factors of ((-2)/(-8))/(d/3140).
157
Let p(k) = k**2 - 26*k + 65. What are the prime factors of p(38)?
521
Let t be 54 - (20/12 - (-1)/3). Let n = t + -30. List the prime factors of n.
2, 11
Suppose -2*j = 2*d + 2*d + 62, 4*d = -4*j - 72. What are the prime factors of 17/(d/(-3) + -4)?
3, 17
Let y be (0/(-2))/(-15 - -13). Suppose 0 = -y*p - p + 2. Let g = 15 - p. List the prime factors of g.
13
Suppose 59 = 5*q - 71. Let j = q + 53. List the prime factors of j.
79
Let j(t) = 45*t**2 - t. Let y be j(1). Suppose -4*g - 18 = -142. Suppose 0 = -5*m + g + y. List the prime factors of m.
3, 5
Let s(d) = -3*d. Let p be s(-1). Suppose -p*u - 4*o = -2*o - 4, -2*u - 2*o = -4. Suppose -j - 4*j + 135 = u. List the prime factors of j.
3
Suppose 0 = -6*j + j + 30. Suppose -6*t = j*t - 1344. What are the prime factors of t?
2, 7
Let l = -347 - -695. Let g = -236 + l. List the prime factors of g.
2, 7
Let a(f) be the second derivative of -13*f**3/6 + 9*f. What are the prime